- (28 - (12 - 11))?
-96
Evaluate -25 + 32 - 6 - ((6 - 1) + -4).
0
-55 + -52 + (21 - -54)
-32
What is the value of -13 - (-105 - (-7 - -26) - (18 - 2))?
127
What is (62 - -1) + 7 + 179 + -180?
69
What is 1 + -24 + -39 + (22 - -84)?
44
What is the value of 0 + -2 - (-43 - (-12 + (24 - 2) + -12))?
39
2 - ((-19 - 13 - -22) + -89) - 21
80
Calculate 59 + 53 + -105 + (47 - 1).
53
What is (-21 - ((0 - -16) + -27)) + 70?
60
Evaluate -8 + (9 - (7 + -2 + (5 - 12))) + -6.
-3
Calculate 0 + 0 + -61 + -2659 + 2683.
-37
Calculate -54 - (-92 + -53 + 47).
44
What is the value of -17 + 98 + (7 - (-12 + (13 - -12)))?
75
110 + (25 + (-6 - -14) - 47)
96
Calculate 15 + -3 - ((14 - (14 + 2)) + 30).
-16
Calculate (-6 + (-3 - -4) - (743 - 745)) + 6.
3
-262 + 131 - -179 - (2 - 9)
55
What is the value of (27 - (21 - -17)) + (1 - 5) - -12 - 114?
-117
What is (77 - 68 - (-4 + 5 + -29)) + -9?
28
What is the value of -68 + 57 + 1 + -1 + 3 - (1 - 34)?
25
Evaluate 2 + -14 - (-40 + -4 + 17 - (-6 + -30)).
-21
23 - -34 - 14 - (-36 + 18)
61
Calculate (-34 - (52 - 45) - 7) + -80.
-128
Calculate -88 + 76 + (8 - -14) + -72.
-62
Evaluate (-3 - -8) + 17 - (-45 - 2) - -13.
82
Calculate -1 - -5 - (-33 + -1) - (56 - 55).
37
-67 + (89 - 28) + (-3 - (-5 + 1))
-5
3 + (-13 + (-6 + 9 - 0) - 0)
-7
Calculate 1350 + -1355 - (24 + 1).
-30
What is the value of (6 - 17 - 0) + (-20 - 4 - (-15 - -14))?
-34
Evaluate (9 - (12 + 16)) + (9 - (-6 + -3)).
-1
What is -4 - -1 - (-61 + (167 - 103))?
-6
Calculate -1 - -3 - (11 + -7 + 4 + 106 + -39).
-73
Calculate -8 - (-1 + (71 - -1) + (-14 - (-20 - 7))).
-92
Calculate 138 - 2 - (10967 - 10781).
-50
What is 10 + (-158 - -81 - (4 - (-4 + 31)))?
-44
(32 - 11) + (-20 + 23 - 100) + -19
-95
-60 - (16 + 7 + -19 + 2 + (-8 - 2))
-56
What is 99 - -28 - 137 - (-79 - 1)?
70
Evaluate 125 - (50 + 131) - 28.
-84
What is 33 + -33 + (-2 - -8 - ((-4 - -12) + -4))?
2
What is -3037 + 2945 + (31 - 0)?
-61
Evaluate (-90 - (-1 + 8) - (-3 + 20 - 4)) + 8.
-102
(7 - -6) + (-13 - 8) + 4 - (14 - 0)
-18
82 + -143 + (140 - 35)
44
Evaluate (-6 - -3) + -73 + -4.
-80
Calculate 1 + 62 - (-1617 - -1664).
16
Calculate -5 - (-45 + 4) - (-2213 + 2175).
74
Calculate 34 + -35 + 10 + -15.
-6
What is the value of -53 + (88 - 45) + 7 + -28?
-31
What is the value of (85 + 11 - (-4 + 10)) + -898 + 876?
68
What is 109 + -15 + (28 - 84) - (22 + 0)?
16
Evaluate (-2302 + 2199 - (1 + -1 - 3)) + 3.
-97
Evaluate 1 - -13 - -2 - 36 - 28.
-48
Evaluate -107 - (18 - (104 + -5)).
-26
What is the value of 12826 + -12801 - (1 + 16)?
8
26 + (27 - 64) + -59 + -24
-94
Calculate -1343 + 1324 + 52 + 1.
34
Evaluate 50 - (-22 - (-42 + 10)).
40
What is (1375 - 1382) + 1 + 41?
35
(1 - 32) + (60 - 0 - 71) + 25 + -2
-19
What is -54 - -1 - (12 + -29 + -1 + 14) - -10?
-39
Evaluate (-12 - -1) + 3 - (-35 - (-11 + -23)).
-7
-5 - -3 - (-13 - 0 - (0 + -28 - -20))
3
Calculate -103 + 63 + 31 + -32 + -47.
-88
Calculate 56 - (186 - 92) - 16.
-54
Evaluate (-7 - (-1 - (-16 - -5))) + -2 - (45 - 42).
-22
158 + -146 + (-2 - (-4 - -11)) + (2 - 94)
-89
(-2 - -34) + (-49 - (-120 - -60))
43
Evaluate (1 - 71) + (-130 + 116 - -28).
-56
-8 + ((35 - 46) + 0 + 5 - -7) + 72
65
Evaluate 25 + -91 + 116 + (5 - (-1 + (1 - -4))).
51
Evaluate (-30 - (-5 + 7)) + -43 + 30.
-45
What is (14 - (-12 + -13 - -19)) + -21?
-1
34 - -1 - (-4433 - -4481)
-13
What is the value of 5 - (7 + -11) - (56 - (-3 - -13))?
-37
Calculate 30 - (-9 + 14 - -9 - -3) - (-1 + 136).
-122
What is 116 + (57 + -42 - (48 + -9))?
92
What is the value of -31 + (-2 - 0 - -7) + (62 - 45)?
-9
(-11 - -12) + (-16 - (-19 + (0 - -8))) + 98
94
What is 49 + (-56 - -9) + 109?
111
What is the value of (-22 + 19 - (0 - 16)) + (1 - -11) + -3?
22
What is the value of 9 + 21 + -70 + 45 + 43?
48
What is the value of 1 - -27 - 25 - (9 + -1) - (61 + 1)?
-67
What is 6 - (-30 - (10 - 50))?
-4
What is -1 - -1 - (77 + -71) - (-14 + -9 - -7)?
10
-7 - (9 + (11 + -25 - 49) + -9)
56
What is 3 + -12 + 2 + 432 + -471?
-46
Evaluate -31 - ((136 - 49) + -93).
-25
Evaluate 0 + 15 + 0 + 2 + -9142 + 9127 + -90.
-88
Evaluate -8 - (28 - 132 - -23) - 16.
57
What is the value of (10 - (32 - 35 - -18)) + 33 + 1?
29
Calculate -47 + 25 + -45 + (5 - 6) + -9.
-77
Evaluate -23 - -15 - (-25 + 13 + 5 - 54).
53
What is -1 + -2 + -2 + 94 + -78 - 15?
-4
What is the value of -5 + 27 + -62 + 80?
40
Calculate -18 + -18 + 2 + 9 + -9.
-34
What is (-12 - 12) + -10 - (95 + -71)?
-58
What is 40 + -1 + (-179 - (-316 - -109))?
67
What is the value of 6 + (-27 - (-79 - -30)) + 28?
56
What is the value of -1 - -17 - ((75 - -56) + -99)?
-16
Evaluate 1 + -69 - (-4280 + 4213).
-1
What is -22 - (-5 + (5 - -10) + -9)?
-23
What is the value of -1566 + 1690 + (-7 + -1 - -5)?
121
What is (-51 - (-59 - 48)) + -48?
8
What is -6 + -2 + -5 - (-110 - (-22 - 6))?
69
-44 - 26 - -51 - 2
-21
8 + -13 - (-19 + (-1 - 1))
16
What is -2 + 64 - (89 + -65 + 3 + -15)?
50
Calculate 13 - (-4 + 1 + 5 + -8 - 3).
22
Evaluate 40 + (-79 - (-202 - -95)).
68
Calculate 124 - 145 - (1 - 35) - -4.
17
Calculate (21 - -27) + -59 - (2 + (-120 - 1)).
108
0 + -3 + (22 + -55 - 7) + -2 + 1
-44
What is the value of -1825 + 1792 + 2 + -27?
-58
Calculate -1 - -7 - (102 - (31 - -23) - 53).
11
Evaluate 18 + 12 + -24 + (-4 - (-33 - 1)).
36
What is (18 + -93 - -16) + (-1 - (4 + 4 + -7))?
-61
What is -26 - (-75 + 66 + -7)?
-10
-106 + 13 + -1 + (-19 - (57 - 72)) + 6
-92
What is 21 + (-2 - 7 - (-7 - -18) - -12)?
13
What is the value of (-14 + -60 - ((6 - -1) + 7)) + -9?
-97
Evaluate -15 - (-50 + 93 + -17 + -155).
114
Calculate (9 - 2 - (47 - 36)) + (-4 - 14 - -11).
-11
(104 + -274 - -149) + 45
24
-87 - (0 - ((-2 - 8) + 2) - (262 - 248))
-81
Calculate (6 - (1 - -4 - 8)) + 8 + -19 + 3.
1
Evaluate 31 + 103 + -156 + (-6 - -3) + 17.
-8
Evaluate (22 - 79) + (14 - 2) - 3.
-48
What is the value of -24 - (29 - 143) - (21 + -11 - 7)?
87
What is the value of -6167 + 6145 + (-1 - -60)?
37
What is the value of (17 + -1 - (29 + (-43 - -21))) + (-35 - 0)?
-26
What is -2 - 3 - (66 + 64) - 14 - -12?
-137
Evaluate 14 + (10 - -1) + -36 + 41.
30
What is -24 + (-8 + -28 - -95)?
35
What is the value of -27 - (-46 + (87 - 44))?
-24
Evaluate (-1 - (1 - 2) - (-2313 + 2303)) + -10.
0
Evaluate 7 + 37 + -92 + -8 + -18.
-74
Calculate 6 + -6 + 78 - (22 + -19 + (4 - 0)).
71
What is the value of -6 - (-10 - 1 - (-10 + -2 - (98 - -25)))?
-130
(13 - (-4 - -20)) + (8 + 5 + -22 - -1)
-11
-47 + (104 - -85) + 4
146
Calculate -9 + -1 + (-142 - -113) + 28 + 5.
-6
What is -72 + -1 - (-7 + (-17 - -7) - -7)?
-63
What is -6 + 3 + -21 + 119 + -13 - 4?
78
What is the value of 84 - (10 + 2 + -28 - (-4 + -24))?
72
What is the value of -13 - (0 + -3 + -6 + 32)?
-36
What is the value of -105 - (11 + 0 + -15 - (-1 + -12 + 3))?
-111
Evaluate (10 - -5) + (2 - (66 + -1)).
-48
Calculate 5 + 8 + (-34 - -33) + (-144 - -2) + -14.
-144
-1053 - -1203 - (9 + (-9 - -34))
116
What is (-14 + (26 - (13 - 17)) - 12) + -68?
-64
What is (-19 + 27 - 15) + -16 - (-70 + -16)?
63
What is 62 + (14 - (-8 + (-4 - -4) + 10))?
74
Evaluate 42 + (4 - (11 - -8)) - -11.
38
What is -20 + (0 - 2) + -11 + 15?
-18
What is 2 + -15 - (-39 + (8 - 35))?
53
What is the value of (-40 + 127 - 75) + 0 + -60?
-48
What is -1 + -78 + (-3 - 27) + (3 - -11)?
-95
Evaluate -6 + (9 - (21 + -13 + 25 + 6 - -3)).
-39
Calculate -5 - ((-35 - -11 - 90) + (-1 - 3 - -5)).
108
What is the value of 41 + -31 - ((-5 - -5 - -20) + 6) - 6?
-22
What is -9 + 7 + 20 - (6 - 1 - (25 + -30))?
8
Calculate 7 + (11 - -10 - (-15 - -80)).
-37
-132 + 280 + -158 - -111
101
9 + -12 + 7 + -13 + 40
31
-5 - (7 + 5 + (-5 - -2 - 14))
0
Evaluate 1 + -129 - (-2946 + 2908).
-90
What is the value of 17 + 0 - ((86 - -37) + -38)?
-68
What is (17 - (61 - 53)) + ((-3 - -3) + 46 - 3)?
52
Calculate -40 - (33 - (-12 + (31 - 10))).
-64
What is the value of -97 - (-19 - (1 - (-23 - -13)))?
-67
Evaluate (-1 + -10 - 2) + (-10 - 10 - -24).
-9
Calculate (-190 - -95) + (8 - (2 - 1) - -1 - -8).
-79
Calculate -15 + (-5 - -17) - 17 - -1.
-19
Calculate (28 + -63 - 33) + 90.
22
Evaluate (-42 - -7 - -5) + -23 + 41.
-12
Evaluate -8 + 16 + (-13 - 11) - 12.
-28
(-44 - -52) + -15 - 7 - (-142 + (1 - 0))
127
Calculate -65 - (-1 - -13 - (17 + 11) - -15).
-64
What is 54 + -41 + 21 + -7 + -87?
-60
Calculate -95 + -15 - ((56 - -8) + -72).
-102
What is the value of -7 +